{"id":598,"date":"2018-09-13T19:43:43","date_gmt":"2018-09-13T17:43:43","guid":{"rendered":"http:\/\/www.inedichrono.be\/?page_id=598"},"modified":"2019-02-10T15:10:19","modified_gmt":"2019-02-10T14:10:19","slug":"challenge-7-foulees","status":"publish","type":"page","link":"http:\/\/www.inedichrono.be\/index.php\/challenge-7-foulees\/","title":{"rendered":"Challenge 7 foul\u00e9es"},"content":{"rendered":"<p>[et_pb_section fb_built=\u00a0\u00bb1&Prime; _builder_version=\u00a0\u00bb3.12.2&Prime;][et_pb_row _builder_version=\u00a0\u00bb3.12.2&Prime;][et_pb_column type=\u00a0\u00bb4_4&Prime; _builder_version=\u00a0\u00bb3.12.2&Prime; parallax=\u00a0\u00bboff\u00a0\u00bb parallax_method=\u00a0\u00bbon\u00a0\u00bb][et_pb_image src=\u00a0\u00bbhttp:\/\/www.inedichrono.be\/wp-content\/uploads\/2018\/09\/LOGO_CHALLENGE_OURTHE.png\u00a0\u00bb url=\u00a0\u00bbhttp:\/\/www.challenge7foulees.be\/\u00a0\u00bb align=\u00a0\u00bbcenter\u00a0\u00bb _builder_version=\u00a0\u00bb3.12.2&Prime;][\/et_pb_image][et_pb_text _builder_version=\u00a0\u00bb3.18.9&Prime;]<\/p>\n<p><strong>CLASSEMENT GENERAL FINAL 2018<br \/> <\/strong>APRES HUIT COURSES (NADRIN, SOMMERAIN, BONNERUE, TAVIGNY, LES TAILLES, VISSOULE, HOUFFALIZE et WIBRIN)<\/p>\n<p>Le classement s&rsquo;\u00e9tablit sur les 4 meilleurs r\u00e9sultats + 50 pts bonus par course effectu\u00e9e.<\/p>\n<p><strong><a href=\"http:\/\/www.inedichrono.be\/results\/2018\/CHALLENGE_2018_OURTHE_6KM_WIBRIN.pdf\" target=\"_blank\" rel=\"noopener noreferrer\">CLASSEMENT CHALLENGE 6KM<\/a><\/strong><\/p>\n<p><strong><a href=\"http:\/\/www.inedichrono.be\/results\/2018\/CHALLENGE_2018_OURTHE_12KM_WIBRIN.pdf\" target=\"_blank\" rel=\"noopener noreferrer\">CLASSEMENT CHALLENGE 12KM<\/a><\/strong><\/p>\n<hr \/>\n<p><strong>CLASSEMENT GENERAL FINAL 2017<\/strong><\/p>\n<p><strong>(Nadrin, Bonnerue, Tavigny, Les Tailles, Wibrin, Vissoule, Sommerain et Houffalize)<\/strong><\/p>\n<p><a href=\"http:\/\/www.inedichrono.be\/results\/2017\/CHALLENGE 2017-6KM-FINAL-PRINT.pdf\" target=\"_blank\" rel=\"noopener noreferrer\">CLASSEMENT CHALLENGE 6KM<\/a><\/p>\n<p><a href=\"http:\/\/www.inedichrono.be\/results\/2017\/CHALLENGE 2017-12KM-FINAL-PRINT.pdf\" target=\"_blank\" rel=\"noopener noreferrer\">CLASSEMENT CHALLENGE 12KM<strong><\/strong><\/a><\/p>\n<p>&nbsp;<\/p>\n<hr \/>\n<p><strong>CLASSEMENT GENERAL FINAL 2016<\/strong><\/p>\n<p><strong><a href=\"http:\/\/www.inedichrono.be\/results\/2016\/CHALLENGE_2016_OURTHE_6KM_HOUFFALIZE-PDF.pdf\" target=\"_blank\" rel=\"noopener noreferrer\">CLASSEMENT CHALLENGE 6KM<\/a><\/strong><\/p>\n<p><a href=\"http:\/\/www.inedichrono.be\/results\/2016\/CHALLENGE_2016_OURTHE_12KM_HOUFFALIZE-PDF.pdf\" target=\"_blank\" rel=\"noopener noreferrer\">CLASSEMENT CHALLENGE 12KM<\/a><\/p>\n<p>[\/et_pb_text][\/et_pb_column][\/et_pb_row][\/et_pb_section]<\/p>\n","protected":false},"excerpt":{"rendered":"<p>CLASSEMENT GENERAL FINAL 2018 APRES HUIT COURSES (NADRIN, SOMMERAIN, BONNERUE, TAVIGNY, LES TAILLES, VISSOULE, HOUFFALIZE et WIBRIN) Le classement s&rsquo;\u00e9tablit sur les 4 meilleurs r\u00e9sultats + 50 pts bonus par course effectu\u00e9e. CLASSEMENT CHALLENGE 6KM CLASSEMENT CHALLENGE 12KM CLASSEMENT GENERAL FINAL 2017 (Nadrin, Bonnerue, Tavigny, Les Tailles, Wibrin, Vissoule, Sommerain et Houffalize) CLASSEMENT CHALLENGE 6KM [&hellip;]<\/p>\n","protected":false},"author":2,"featured_media":0,"parent":0,"menu_order":0,"comment_status":"closed","ping_status":"closed","template":"","meta":{"_et_pb_use_builder":"on","_et_pb_old_content":"","_et_gb_content_width":"","footnotes":""},"class_list":["post-598","page","type-page","status-publish","hentry"],"_links":{"self":[{"href":"http:\/\/www.inedichrono.be\/index.php\/wp-json\/wp\/v2\/pages\/598","targetHints":{"allow":["GET"]}}],"collection":[{"href":"http:\/\/www.inedichrono.be\/index.php\/wp-json\/wp\/v2\/pages"}],"about":[{"href":"http:\/\/www.inedichrono.be\/index.php\/wp-json\/wp\/v2\/types\/page"}],"author":[{"embeddable":true,"href":"http:\/\/www.inedichrono.be\/index.php\/wp-json\/wp\/v2\/users\/2"}],"replies":[{"embeddable":true,"href":"http:\/\/www.inedichrono.be\/index.php\/wp-json\/wp\/v2\/comments?post=598"}],"version-history":[{"count":1,"href":"http:\/\/www.inedichrono.be\/index.php\/wp-json\/wp\/v2\/pages\/598\/revisions"}],"predecessor-version":[{"id":26778,"href":"http:\/\/www.inedichrono.be\/index.php\/wp-json\/wp\/v2\/pages\/598\/revisions\/26778"}],"wp:attachment":[{"href":"http:\/\/www.inedichrono.be\/index.php\/wp-json\/wp\/v2\/media?parent=598"}],"curies":[{"name":"wp","href":"https:\/\/api.w.org\/{rel}","templated":true}]}}